{"version":"1.0","provider_name":"Impulso Verde","provider_url":"https:\/\/impulsoverde.org\/fr\/","author_name":"Florence Denoy","author_url":"https:\/\/impulsoverde.org\/fr\/author\/responsable-communication\/","title":"Diana Villota - Impulso Verde","type":"rich","width":600,"height":338,"html":"<blockquote class=\"wp-embedded-content\" data-secret=\"PaFBQx0UtP\"><a href=\"https:\/\/impulsoverde.org\/fr\/dt_team\/viviane-diep\/\">Diana Villota<\/a><\/blockquote><iframe sandbox=\"allow-scripts\" security=\"restricted\" src=\"https:\/\/impulsoverde.org\/fr\/dt_team\/viviane-diep\/embed\/#?secret=PaFBQx0UtP\" width=\"600\" height=\"338\" title=\"\u00ab\u00a0Diana Villota\u00a0\u00bb &#8212; Impulso Verde\" data-secret=\"PaFBQx0UtP\" frameborder=\"0\" marginwidth=\"0\" marginheight=\"0\" scrolling=\"no\" class=\"wp-embedded-content\"><\/iframe><script>\n\/*! This file is auto-generated *\/\n!function(d,l){\"use strict\";l.querySelector&&d.addEventListener&&\"undefined\"!=typeof URL&&(d.wp=d.wp||{},d.wp.receiveEmbedMessage||(d.wp.receiveEmbedMessage=function(e){var t=e.data;if((t||t.secret||t.message||t.value)&&!\/[^a-zA-Z0-9]\/.test(t.secret)){for(var s,r,n,a=l.querySelectorAll('iframe[data-secret=\"'+t.secret+'\"]'),o=l.querySelectorAll('blockquote[data-secret=\"'+t.secret+'\"]'),c=new RegExp(\"^https?:$\",\"i\"),i=0;i<o.length;i++)o[i].style.display=\"none\";for(i=0;i<a.length;i++)s=a[i],e.source===s.contentWindow&&(s.removeAttribute(\"style\"),\"height\"===t.message?(1e3<(r=parseInt(t.value,10))?r=1e3:~~r<200&&(r=200),s.height=r):\"link\"===t.message&&(r=new URL(s.getAttribute(\"src\")),n=new URL(t.value),c.test(n.protocol))&&n.host===r.host&&l.activeElement===s&&(d.top.location.href=t.value))}},d.addEventListener(\"message\",d.wp.receiveEmbedMessage,!1),l.addEventListener(\"DOMContentLoaded\",function(){for(var e,t,s=l.querySelectorAll(\"iframe.wp-embedded-content\"),r=0;r<s.length;r++)(t=(e=s[r]).getAttribute(\"data-secret\"))||(t=Math.random().toString(36).substring(2,12),e.src+=\"#?secret=\"+t,e.setAttribute(\"data-secret\",t)),e.contentWindow.postMessage({message:\"ready\",secret:t},\"*\")},!1)))}(window,document);\n\/\/# sourceURL=https:\/\/impulsoverde.org\/wp-includes\/js\/wp-embed.min.js\n<\/script>\n","thumbnail_url":"https:\/\/impulsoverde.org\/wp-content\/uploads\/2000\/04\/9-1024x989.png","thumbnail_width":1024,"thumbnail_height":989,"description":"Ing\u00e9nieure agroforesti\u00e8re avec un master et un doctorat en Sciences Foresti\u00e8res, et plus de 10 ans d\u2019exp\u00e9rience dans les processus de restauration \u00e9cologique. Sa carri\u00e8re s\u2019est principalement d\u00e9velopp\u00e9e dans la For\u00eat Atlantique du Br\u00e9sil, o\u00f9 elle a renforc\u00e9 ses comp\u00e9tences acad\u00e9miques et de recherche dans le domaine forestier.Dans le d\u00e9partement de Nari\u00f1o, elle a travaill\u00e9 \u00e0 la fois dans le secteur public et priv\u00e9, occupant des fonctions d\u2019enseignement, de recherche et de conseil sp\u00e9cialis\u00e9. Elle a dirig\u00e9 et mis en \u0153uvre des projets productifs, environnementaux et d\u2019am\u00e9nagement du territoire, en int\u00e9grant sa formation technique \u00e0 une vision territoriale et communautaire.Valeur qui la distingue : Engagement"}

Ingénieure agroforestière avec un master et un doctorat en Sciences Forestières, et plus de 10 ans d’expérience dans les processus de restauration écologique. Sa carrière s’est principalement développée dans la Forêt Atlantique du Brésil, où elle a renforcé ses compétences académiques et de recherche dans le domaine forestier.Dans le département de Nariño, elle a travaillé à la fois dans le secteur public et privé, occupant des fonctions d’enseignement, de recherche et de conseil spécialisé. Elle a dirigé et mis en œuvre des projets productifs, environnementaux et d’aménagement du territoire, en intégrant sa formation technique à une vision territoriale et communautaire.Valeur qui la distingue : Engagement
